5
Let l = 0 - -3. Suppose -z + l*z - 28 = 0. Calculate the remainder when 39 is divided by z.
11
Suppose 2*z = -z. What is the remainder when 12/4 + z + 36 is divided by 20?
19
Let x = -15 - -21. What is the remainder when 15 is divided by x?
3
Let p(c) = 11*c + 76. What is the remainder when 39 is divided by p(-6)?
9
Let a = -6 - -19. Calculate the remainder when 37 is divided by a.
11
Let u(o) be the third derivative of o**5/30 - o**4/6 + 2*o**2. Let b be u(4). Suppose b = -3*y + 4*y. Calculate the remainder when y is divided by 6.
4
Let m(h) = h**2 + 5. Let d be m(-4). Suppose 2*y = -4*n + 2*n + 12, n = -4*y + d. Calculate the remainder when n is divided by 1.
0
Let l = 49 - 31. What is the remainder when 51 is divided by l?
15
Let z = 15 + -12. What is the remainder when 11 is divided by z?
2
Let h = -21 + -3. Suppose 4*q + 0*m = -3*m + 67, -22 = -q + m. What is the remainder when q is divided by (90/h)/(6/(-16))?
9
What is the remainder when 10/(-2)*((-96)/5)/3 is divided by 9?
5
Suppose -2*c + 86 = -286. Calculate the remainder when 58 is divided by c/9 - (-2)/(-3).
18
Let f = 15 - -5. What is the remainder when f is divided by 12?
8
What is the remainder when 94 is divided by (-110)/(-3) - 34/51?
22
Suppose -2*b - l = -20, -3*b + 51 = 2*b + 3*l. What is the remainder when 15 is divided by b?
6
Suppose -9 + 1 = -j. Calculate the remainder when j is divided by 2.
0
Let v = -17 - -23. What is the remainder when 15 is divided by v?
3
Let t = 102 - 48. Calculate the remainder when t is divided by 8/(3 + -1) - -24.
26
Suppose 0 = 28*p - 1744 + 568. Let a(u) = -16*u**3 - u**2 + u + 1. Calculate the remainder when p is divided by a(-1).
12
Let u = 46 - -34. Calculate the remainder when u is divided by 21.
17
Let q(v) = -67*v**3 - 2*v - 1. Let j be q(-1). Let t = 125 - j. What is the remainder when t is divided by 15?
12
Let h(n) = -5*n + 5. Let q be h(4). Let l = 37 + q. Suppose 0 = 2*a - 0*a - l. Calculate the remainder when 31 is divided by a.
9
Suppose -3*b + 1 = 2*n - n, -4*n = 5*b - 11. Suppose 0*q - n = -2*q. What is the remainder when 5 is divided by q?
1
Suppose -4*m = -67 - 13. What is the remainder when m is divided by 12?
8
Let z(f) = f**3 + 6*f**2 + 5*f + 3. Let b be z(-5). Suppose -m - 6 = b. Let y(n) = n**3 + 10*n**2 + 8*n + 13. What is the remainder when y(m) is divided by 12?
10
Suppose -2*z + 48 = z. Calculate the remainder when z is divided by 9.
7
Let w = 7 - -5. Let i = w - 4. Calculate the remainder when 46 is divided by (-1)/((-6)/i)*12.
14
Suppose -3*p = -5*z - 12, 8 = 3*p + 4*z - 4. Suppose 4*h + h - 25 = 0. Let c = h + 6. What is the remainder when c is divided by p?
3
Let q = 31 - 26. What is the remainder when 12 is divided by q?
2
Let v(d) = 34*d - 1. Calculate the remainder when v(2) is divided by 23.
21
Let j be -1*(-1 + 1*-2). Suppose -84 = -j*i + 30. Suppose -2*g = -5*g + 60. Calculate the remainder when i is divided by g.
18
Suppose 0 = -2*c - 1 - 3. Let w = c - -6. Let b(v) = 3*v**2 - 2*v - 1. Calculate the remainder when b(2) is divided by w.
3
Let a be -5 - -4*3/(-6). Let q be (-10*1)/(a/14). Suppose 5*b + 5*i - q = 0, 2*i - 20 = -5*b + 5*i. What is the remainder when 6 is divided by b?
2
Let o(v) = -6*v - 1. Let c(q) = 2*q - 3. Let n be c(3). Suppose n*x + 18 = -2*x + 3*d, -2 = x - d. What is the remainder when o(x) is divided by 12?
11
Let x(b) = -b**3 + 4*b**2 + 8*b - 3. Let z = -206 - -321. What is the remainder when z is divided by x(4)?
28
Let v = 4 - 10. Let u = v + 21. Calculate the remainder when -8*(0 + (-11)/2) is divided by u.
14
Let s(c) = c**2 + c. Let o be s(1). Let d = 13 - o. Calculate the remainder when d is divided by ((-6)/(-1))/((-6)/(-4)).
3
Let v(r) be the second derivative of 2*r**3/3 - 3*r**2/2 - 2*r. Let u(w) = 2*w. Calculate the remainder when v(2) is divided by u(1).
1
Let u be 3/(-2) + 39/6. Let w(s) = 2*s + 1. Calculate the remainder when w(u) is divided by 3.
2
Suppose 5*c - 4*w = -2, 3*c + 3*w = -2*w + 21. What is the remainder when 47 is divided by (-1 + c)/1 + 15?
15
Suppose 5*g - 174 = 171. What is the remainder when g is divided by 10?
9
What is the remainder when (2/(4/61))/(1/2) is divided by 9?
7
Let i(s) = 3*s - 3. Let j be i(3). Suppose -5*f - 2*h = -j*h - 48, -4*f - 5*h = -22. Calculate the remainder when 15 is divided by f.
7
Let s(j) = -11*j - 5. Calculate the remainder when 49 is divided by s(-2).
15
Let q = 32 - 19. Let t = -90 - -54. Let b = 60 + t. Calculate the remainder when b is divided by q.
11
What is the remainder when (-1043)/(-8) + 30/(-80) is divided by 22?
20
Suppose c - 50 = 5. What is the remainder when c is divided by 28?
27
Let q(j) = -j**2 - 7*j - 4. Calculate the remainder when q(-5) is divided by 4.
2
Let y(h) = -60*h**3 - 2*h**2 - 2*h - 1. Let f be y(-1). Let w = f + -36. Let v = w - 8. What is the remainder when v is divided by 4?
3
Suppose 0*t + t - 45 = 0. Suppose -f - 4*f + 48 = 4*i, f + 60 = 5*i. What is the remainder when t is divided by (6/i)/(2/92)?
22
Let x = -8 - -26. Let r = x + -11. Calculate the remainder when (-2)/8*2*-38 is divided by r.
5
Suppose -65 + 8 = -3*r. Suppose 2*s = -j - 15, 4*j + j - 3 = 3*s. What is the remainder when r is divided by 1/(3/s) + 12?
9
What is the remainder when 37 is divided by (-10)/(-2)*(0 - -4)?
17
Let i(m) = 16*m**2 + 11*m**2 - 16*m**2 - 2*m. Suppose 4*s = -4*o + 8 + 8, 2*o - 4 = 0. What is the remainder when i(s) is divided by 21?
19
Let w(k) = -k**2 - 2*k + 4. Let g(l) = l - 1. Let i(h) = -3*g(h) - w(h). Let d(a) = -4*a. Let t be d(-1). Calculate the remainder when 42 is divided by i(t).
9
Let q = 72 - 48. Calculate the remainder when ((-2)/6)/(2/(-276)) is divided by q.
22
Let u be 24/15*10/4. Let o = u + -4. Suppose o = 3*z + 2*z - 185. Calculate the remainder when z is divided by 10.
7
Let a = -17 + 39. Let g = 16 + -10. Let j(x) = x**3 - 5*x**2 - 4*x - 6. Calculate the remainder when a is divided by j(g).
4
Suppose 6 = 3*h + 5*x - 23, 5*x = 5*h + 5. Suppose h*n + 2*f = 9, -5*n + 6 + 9 = -3*f. What is the remainder when 7 is divided by n?
1
What is the remainder when (-54)/(-15) - (-6)/15 is divided by 3?
1
Suppose -42 = 3*m - 5*m. What is the remainder when 39 is divided by m?
18
Let h(o) = o - 7. Let l be h(7). Suppose 5*u - 95 + 20 = l. What is the remainder when u is divided by 9?
6
Let i(v) = -v**3 - 2*v**2 - v + 1. Let r be i(-2). Suppose -50 = -4*d + r*l, -4*d - 5*l + 1 = -3*d. What is the remainder when d is divided by 6?
5
Let r = -2 - -7. Let u(i) = 45*i**3 - i + 1. Let g be u(1). Suppose -4*c + 8 + 28 = 5*t, -5*c + 2*t = -g. Calculate the remainder when c is divided by r.
4
Suppose -p - 5*a - 1 = 0, 0 = -2*p - 0*p + 4*a + 26. Let v = 25 + -2. What is the remainder when v is divided by p?
5
Let v = 4 + 11. What is the remainder when 55 is divided by v?
10
Suppose m + 8 = -5*w, -65 = 4*m - w + 9. Calculate the remainder when 16 is divided by ((-12)/m)/((-4)/(-54)).
7
Let w = 30 - 9. What is the remainder when w is divided by 6?
3
Calculate the remainder when 82/4 + 1/(-2) is divided by 7.
6
Let s be 4/10 + 1270/(-50). Let m = 46 + s. What is the remainder when m is divided by 6?
3
Let r = 1 + 19. Let j be (8/10)/((-2)/r). What is the remainder when ((-46)/j)/(2/8) is divided by 12?
11
Suppose -i - 66 = -3*a, -i - 2*i - 2*a - 231 = 0. Let d = i + 114. Calculate the remainder when d is divided by 10.
9
Let t = 294 - 289. What is the remainder when (-2 - -1) + 20*1 is divided by t?
4
Let k = -57 - -86. Suppose -4*h = -4*b + 44, h - 47 = -4*b + 6*h. Calculate the remainder when k is divided by b.
5
Let w = -1 + 4. Let b = 4 - w. Let s = -1 - -2. Calculate the remainder when b is divided by s.
0
Let h(i) = i + 1. Let l be h(1). Suppose 2*t - l = -0*t. Let r = t + 0. What is the remainder when r is divided by 1?
0
Let o = 24 - 15. What is the remainder when 34 is divided by o?
7
Suppose 0*g - 2 = -2*g. Suppose -5*d = -3*d - 4. What is the remainder when d is divided by g?
0
Let s(r) = -12*r**3 - 2*r**2 - 3*r - 1. Calculate the remainder when s(-2) is divided by 715/30 - (-2)/12.
21
Suppose -3*u = 4*w - 41, 0*u - 2*w - 18 = -2*u. What is the remainder when 22 is divided by u?
0
Suppose 0 = 4*s + 5*j + 226, -168 = 3*s + 4*j - j. Let b = s - -95. Let y = b + -19. Calculate the remainder w